23*w. Is w a prime number?
False
Suppose 0 = -4*l - 4*a - 36, 5*a = -1 - 9. Let r = -7 - l. Suppose 0 = -5*o - 5, r*x + o - 211 = -4*x. Is x a prime number?
True
Let g be (-10)/(3 - 258/87). Let j = -3 - g. Is j composite?
True
Let u(c) = c**2 + c + 3004. Let h = 26 - 26. Let k be u(h). Suppose 4*y - k = -0*y. Is y a composite number?
False
Let h be 2*-1*4*1. Let t(f) = -f**2 - 9*f - 7. Let y(w) = -w**2 - 8*w - 6. Let b(m) = 4*t(m) - 3*y(m). Is b(h) a prime number?
False
Suppose 4*s + 15 = -5*w, -5*s + w - 1 = -4. Let i be (1 + s)/((-2)/(-10)). Suppose 9*q = i*q + 2348. Is q a prime number?
True
Suppose 7*b = -3*b + 42010. Is b a prime number?
True
Suppose -3*n + 52 - 10 = 0. Suppose n + 140 = 7*y. Is y a composite number?
True
Let z(y) = y**2 - y. Let t be z(2). Let x be (9 - 7)/((-2)/t). Is -555*4/24*x prime?
False
Let h(y) = -231*y - 209. Is h(-10) a prime number?
False
Let a(k) be the first derivative of -3*k**2/2 + 2*k - 4. Let t be a(2). Is 94*(1 - 6/t) composite?
True
Suppose 1 + 5 = 2*n. Suppose 2*x + n*x = -15. Let k = 0 - x. Is k prime?
True
Suppose -p - 8*p = -105093. Is p a prime number?
True
Let k = -10 + 33. Let z = k + 20. Suppose -2*w + 3*q = -15 - 4, -2*w - 5*q + z = 0. Is w composite?
True
Let n be ((-36)/10)/(-1 + (-1814)/(-1820)). Suppose -2*r + 5238 = -4*m + n, -r + m = -2068. Is r a prime number?
True
Let a(r) = -110*r - 329. Is a(-45) prime?
True
Let h be (-1)/(0 + 2/(-4)). Suppose -4*k = 5*l - 283, -h*l + 140 = 5*k - 3*k. Suppose 0 = 7*d - 8*d + k. Is d a composite number?
False
Suppose b - 4*a = 1089, 5*a + 3785 + 516 = 4*b. Is b composite?
False
Let v = 1236 + -1203. Is v a prime number?
False
Let w(d) = d**2 + 8. Let h(m) = -m**2 - 6*m - 4. Let z be h(-4). Suppose 6 = -z*c + 42. Is w(c) prime?
True
Is (-13509)/(-7) - 8/(-7) prime?
True
Suppose -4*j = -i + 10072, 6*i + 7539 = -3*j + 3*i. Let k = 4371 + j. Is (-1)/(-5) + k/5 composite?
True
Let m = 1208 + 9824. Suppose 2*c - 10*c + m = 0. Is c a prime number?
False
Is -28*(-5)/(-20) + 2726 prime?
True
Let w be 8 - (2 - 0/2). Let n be (18/w)/((-3)/(-2)). Suppose -n*g + 6*g = 1660. Is g prime?
False
Suppose -19*c + 32958 = -90219. Is c a composite number?
True
Let h(y) = y**2 + 4*y - 5. Let x be h(-5). Suppose s + x*s = 342. Suppose p = 4*z - 312, -3*p + 99 = -3*z + s. Is z composite?
True
Let b(l) = -40*l + 9. Let u(j) = -j. Let d(s) = -b(s) - 6*u(s). Is d(11) a prime number?
False
Is 3*15206*(-6)/(-12) prime?
False
Is (-3 - 3 - -1)*(-1149)/5 a composite number?
True
Let b = -1461 - -2174. Let p = 1156 - b. Is p composite?
False
Let y(u) = -u**3 - 7*u**2 - 4*u + 2. Let f be y(-6). Let j(z) = 4*z + 8. Let o(d) = -5*d - 9. Let x(k) = 6*j(k) + 5*o(k). Is x(f) a composite number?
False
Suppose 52550 = 12*i - 2*i. Is i composite?
True
Let u = 7527 + -5222. Is u prime?
False
Let h(g) = 2*g**2 - 2*g. Let w be h(-5). Let l be (w/(-18))/(4/(-282)). Let x = l + -96. Is x a prime number?
True
Suppose -2*l + 5*n + 461 = 0, 4*l + 0*l - n - 895 = 0. Is (2 + -1)*l*1 prime?
True
Suppose 0 = -4*c + 3*x + 47461, 0 = -4*c + 5*c - 2*x - 11869. Is c prime?
True
Let q(t) = 102*t**3 + 2*t**2 + 3*t. Let u be q(-3). Let l = -1847 - u. Is l a prime number?
False
Let r = 17346 + -6787. Is r a prime number?
True
Let t = -132 - -709. Is t prime?
True
Suppose 12 = -4*a, 5*a + 46852 - 3800 = s. Is s a composite number?
False
Let q(j) = -8*j + 394*j**2 - 4 + 3 - 382*j**2. Is q(-4) composite?
False
Let u(i) be the third derivative of 19*i**4/24 - i**3/3 + 2*i**2. Let k = 43 + -36. Is u(k) prime?
True
Let b = 1431 + 399. Suppose 0 = 4*w - 4*a + 6*a - 2438, 3*w = -a + b. Is w a composite number?
True
Let w = 93 - 91. Is (1146/w)/((-9)/(-6)) a composite number?
True
Let q(r) = -r**3 - 9*r**2 - 12*r + 9. Let n be q(-7). Let b(j) = -5*j**3 + 3*j**2 + 3*j + 6. Is b(n) composite?
False
Is (-17939)/(-11) - ((-615)/55 - -11) composite?
True
Suppose 3*n - 3*p = 58107, 6*n - 11*n + 8*p = -96833. Is n composite?
False
Suppose 8*c - 283524 = 33940. Is c a composite number?
True
Let i(c) = -2*c**2 - 2*c - 3. Let m be i(-2). Let l = -3 - m. Suppose 2*n - l = -2, 4*n + 287 = 3*r. Is r a composite number?
False
Let b(t) = 2*t**2. Let d be b(-1). Suppose -w + d = -1. Suppose -o + 37 = -4*n - 9, 0 = w*n + 6. Is o a prime number?
False
Let k be 42/315 + 2/(-15). Suppose k*h = -7*h - 35. Let u(x) = -116*x + 13. Is u(h) prime?
True
Let k(d) = 11 - 13 + 445*d + 4. Is k(1) a prime number?
False
Suppose 12 = 2*w - w. Suppose 0 = -2*f + w. Suppose -f*b + 7*b - 59 = 0. Is b a prime number?
True
Let i(p) = 4*p - 20. Let h be i(6). Suppose 7*m - h*m - 210 = 0. Let a = m - -7. Is a a prime number?
False
Suppose 634 = -2*q + 5*k, 5*q + 1527 = -0*k - 2*k. Let d = 1016 + q. Is d composite?
False
Let r = 25 + -11. Is (-8)/r - (-2962)/14 a composite number?
False
Let o = -283 + -1027. Let y = -589 - o. Is y prime?
False
Suppose 2*m = 2*c - 6*c + 5646, 2*c = -5*m + 2811. Suppose 4*z + c = 7*z. Is z a prime number?
False
Suppose 16 = 4*s + 4*g, -7*s = -2*s + g - 40. Is s a prime number?
False
Suppose -3*h = 5*u - 173330, -2*u - 18464 + 87800 = 2*h. Is u a composite number?
True
Suppose -5*u = -4*w - 2280, u + 213 = -w - 348. Let n = w - -943. Suppose -127 + n = b. Is b a composite number?
False
Let t = -2984 - -4485. Is t a prime number?
False
Let q = 7282 + 19909. Is q prime?
True
Let t(y) = -y - 1. Let j(x) = 5*x + 12. Let i(k) = j(k) + 3*t(k). Let r be i(-4). Suppose -m = -30 - r. Is m composite?
False
Suppose 14*f - 374491 + 12185 = 0. Is f a prime number?
False
Let k = 7853 + -3892. Is k prime?
False
Let c(b) = 11*b**2 + 15*b + 25. Let t be c(-13). Suppose 30*h - 31*h = -t. Is h composite?
True
Let d(z) = -z**3 - 17*z**2 + 2*z + 11. Let t(n) = n**3 + n**2 + n - 1. Let g(o) = d(o) + 2*t(o). Suppose -5*a = 12 - 87. Is g(a) prime?
False
Let j(m) = 656*m - 9. Is j(5) composite?
False
Suppose -2*q = -59 - 73. Let v(u) = -348*u**3 + 3*u - 2. Let a be v(1). Let j = q - a. Is j prime?
False
Let r(g) = g**3 + 2*g**2 - 2*g - 5. Let v be r(-3). Let f = -4 - v. Suppose -2*q = f*q - 126. Is q composite?
True
Suppose -5*n + 8 = -3*n. Suppose -35 = -n*v + 497. Is (v - 3) + -2 + -1 a prime number?
True
Let i be (1 - -2)*(2 + 3). Suppose i + 943 = 2*g. Is g a prime number?
True
Let k(i) = -11*i - 3. Let n = -13 - -3. Let y = n + 2. Is k(y) composite?
True
Suppose -5*q + 67 = -17333. Let y = q - 1999. Is y composite?
False
Let p = 3794 - 1563. Is p prime?
False
Suppose 0 = f + 3*p - 0*p - 438, 4*f - 2*p - 1766 = 0. Suppose 3*r - f = -24. Is 0*4/16 + r a composite number?
False
Let g be (-9)/(-4) - (-3)/4. Suppose -g*b + 10 = 1. Suppose -b*l + 628 = -5*z, 3*l - 411 = -z + 223. Is l composite?
False
Let v(k) = -109*k + 24. Let s be v(-9). Suppose -3*r = -s - 114. Is r a prime number?
True
Let g(z) = -273*z**3 + 7*z**2 + 14*z + 2. Let o be g(-2). Let x = -1142 + -343. Let j = o + x. Is j composite?
False
Is 10 + (-142461)/((-81)/9) prime?
False
Suppose 0 = -3*k + 12539 + 1144. Is k a composite number?
False
Let p(j) = 6*j - 6 + 55*j + 25 - 8. Is p(12) a composite number?
False
Let i be 0/(((-8)/2)/2). Suppose 3*a - 4 + 13 = 0, 4*b + 3*a - 931 = i. Is b a prime number?
False
Suppose -9*r + 13827 = 24*r. Is r composite?
False
Let z = 1218 - -799. Is z a prime number?
True
Suppose -5*k + 98656 = -4*f + f, -k - 2*f + 19739 = 0. Is k prime?
False
Suppose 642 = -4*c + 6*c + 4*z, -z = -2. Is c a composite number?
False
Suppose -5*n + 12093 = 4*y, 3747 = 3*n + 2*y - 3508. Is n prime?
True
Is (2 + -3)*(10 + 16592)/(-6) a composite number?
False
Let b(c) = -c - 4. Let z = 22 + -28. Let f be b(z). Suppose 4*l - u - 333 = 1057, 351 = l - f*u. Is l prime?
True
Suppose 3*n + 4*y = y + 36, 0 = 4*n + y - 57. Suppose -1510 = 13*f - n*f. Is f a prime number?
False
Let s(b) = 10*b**2 + 101*b + 17. Is s(-44) a composite number?
True
Let s = -462 + 813. Let q = s + -524. Let h = -120 - q. Is h prime?
True
Let k(g) = -1777*g + 7. Is k(-4) a composite number?
True
Suppose -4*s = 3*i - 6*i + 1357, -4*i - 2*s + 1802 = 0. Is i composite?
True
Let r = 14 + -10. Suppose -r*t + 2692 = -2*t. Is t/(2*(-2 + 3)) a composite number?
False
Let q = -2230 + 4151. Is q prime?
False
Is (6 + -2)*12590/40 prime?
True
Let v = -24 + 27. Suppose 5*r + 0*r = -q + 1837, -v*r - 9241 = -5*q. Is q